1 + -13 + -2 - (-1 - -1)) + 195 + -183.
-54
Calculate 0 + -117 + (19 + -28 - (-24 + 0)).
-102
-8 - ((-3 + -4 - -8 - 6) + -6 + -1)
4
Evaluate 628 + -666 - (-90 - 1).
53
Calculate -15 + -44 + 20 - (-3 + 13).
-49
(4 + -51 - -3) + (-44 - -1) + 49
-38
What is the value of 1 - ((-1 - 1) + -85 + 93)?
-5
21 + -1 - (-28 + 102 - 18)
-36
What is the value of 7 - -9 - (47 + -21 - 20)?
10
6 + (11 + -6 - (11 - 8 - -11)) + -51
-54
(-3 - -6 - 0) + (8 + (19 - 18) - -47)
59
-34 + 3 - (-1030 + 960)
39
Calculate -49 + (0 - -24) + -40 + 19.
-46
Evaluate 19 + 20 - (-12 + 89).
-38
What is 23 - (-8 + (123 - -40) - -1)?
-133
Calculate (8 + -20 - -16) + 37.
41
What is the value of (49 - 1) + -47 + 45 + -7?
39
Evaluate 9 + (2 - (10 + 5 + (-137 - -21))).
112
What is the value of -495 + 481 + (9 - (2 - 1)) + 7?
1
Evaluate 22 - (-5 + 19 + (3 - 2)).
7
What is 9 + -1 - ((-73 - -84) + 1 + -31 - 0)?
27
What is 13 + -37 + 66 - 10?
32
Calculate 0 + (13 - -2) + -19 - 26.
-30
What is -27 + 10 + 86 + -6 + (1 - 4)?
60
Evaluate (-16 - (35 - 56) - (-8 - -31)) + 132.
114
-91 + 5 - (-19 + -80)
13
Evaluate 0 + 15 - (-38 - -27 - (-62 - -2)).
-34
Evaluate 76 + (4 + 22 - (84 - 45)).
63
What is the value of 33 - 18 - (-3 + (1 - -12) - -1)?
4
57 + -1 - (-6 + 3) - (22 + -36 - -22)
51
(-499 - -517) + (1 - 34) - (22 - 0)
-37
Calculate -29 + -1 + -10 + (-4 + 2 - -12) - 3.
-33
70 - ((15 - 1) + (-913 - -889) + (-1 - -13))
68
Calculate -24 + 4 - ((-12 + 10 - 22) + 14) - 73.
-83
What is the value of (-10 - (-59 - -45)) + 5?
9
Calculate 57 + (-17 - 69 - -43).
14
(115 - 86) + -24 - (-1 - -15) - 2
-11
(6 - 61) + (6 - (-14 + 6))
-41
What is 13 + 104 - ((-3 - 3) + 15 + (-60 - -51))?
117
Calculate 32 + -28 + (13 - (16 + -11)) + -71.
-59
What is the value of 0 + -59 + -44 + -22 + 41 + 30?
-54
Evaluate 29 + -21 - 54 - -90.
44
Calculate (-153 - -257) + -178 - (8 + (0 - 0) + 2).
-84
26 + (-60 - -9 - (-10 + 18))
-33
What is (79 - (-9 + 53)) + -16?
19
Calculate (10 - (-5 + 14)) + (-3 + -37 - 5) + 9.
-35
Calculate 9228 + -9111 + (-5 - -1).
113
What is 27 - (4 - -4 - (13 - (14 + (-23 - -13))))?
28
Calculate -2 - ((43 - (22 + -20)) + 17).
-60
What is the value of -13 - -11 - ((-14 - -24) + 1)?
-13
-13 + -4 + (23 - 3) + -30
-27
What is the value of (1 + 6 - (-4 - (-13 + 3))) + -36?
-35
What is (175 - (37 - -33)) + -13 + -4 + 1?
89
93 + (-53 - -13) + ((-1 - -3) + 3 - 1)
57
Evaluate (50 - (-2 + (1 - 0)) - (4460 + -4451)) + -3.
39
What is the value of -25 - -13 - (30 + (1 - 0) + -9)?
-34
Evaluate 33 - 51 - (3 - -5) - -12.
-14
What is the value of 83 + -51 + -14 - 56?
-38
What is the value of -11 - ((-17 - (-4 + 4)) + -42 - 2)?
50
What is the value of 58 + -19 - (-62 + 46 + -30)?
85
Evaluate (-6 - -4 - -18) + (-43 - (82 + -6)).
-103
What is 1 + (47 - 1) - (69177 + -69123)?
-7
What is 19 + -64 + -39 + 25?
-59
What is (14 - (6 + -18)) + -6 + 5?
25
Calculate 226 + -171 + (2 - -12) + -1 - (-5 + -8).
81
What is (25 - (-17 - -28) - 96) + (5 - 21)?
-98
What is the value of 26 + (2 - 17 - ((0 - 3) + -5))?
19
What is 0 + -6 + 17 + 59 + -71 - 44?
-45
-306 + 278 + (63 - (4 + -8))
39
Evaluate (-3 + 16 - -77) + -64.
26
32 - (-35 + -74 + 98)
43
What is the value of 136 + -93 + -114 - -151?
80
18 + 3 - -9 - (1 - (4 - -2))
35
What is 9 + 52 + 4 + (-23 - -9)?
51
(12 + -46 - 4) + (-82 - -48)
-72
-15 - (-1766 + 1777 - (-7 - (-2 + 2)))
-33
Calculate (20 - 7) + (2 - -5) + -53 + 23.
-10
Evaluate -18 + -7 + (0 - 32) + 16.
-41
What is -117 - (4 + -23 + -46)?
-52
Calculate -1251 - -1165 - (-87 + -8).
9
(144 - 0) + 2 + -14 - (16 + (8 - 17))
125
18 - (1 + 3 + -55 + 58) - (144 + -51)
-82
Evaluate (94 - (11 + -4) - 12) + (12 - -3).
90
What is the value of 130 - ((2 - -66) + 151)?
-89
What is the value of -73 + 29 - (-2 + -2 + -7 + 9)?
-42
What is -41 - (-28 + 9) - (35 + -33)?
-24
What is the value of 47 + (36 - 36) + 22 + -52?
17
What is -2 - ((-108 - -137) + -16 + 2)?
-17
Evaluate 6 - (-24 + (9 - (-17 + 3))).
7
What is the value of (-9 - 0) + 13 + (-85 - -13)?
-68
(5 - -1) + 15 + 32 + -24
29
What is the value of 12 + (-74 - 58) - -107?
-13
6 - 8 - (6 + -5) - (-10 + -2) - 2
7
What is (58 - 1) + (16701 - 16862)?
-104
Calculate -16 + (44 + -30 - -18).
16
What is (-39 - -12) + -7 - (20 + 8)?
-62
Calculate -8 + (-43 - -54 - (-7 + 3)) - -40.
47
-5 + 2 - (356 - 386)
27
What is -19 + (0 - 20) - -14?
-25
What is -110 - (-4 + -148) - (2 + -2)?
42
Evaluate 40 + -3 - (-9 - (7 + 7) - -8).
52
What is -11 - (2 - (103 + (36 - 31)))?
95
Evaluate (59 - 96) + 19 - (-76 - 9).
67
What is (-166 - -182) + -4 + -4 + 8 - -60?
76
What is -56 + -133 + 123 + (2 - (-5 + 3))?
-62
-6 + 3 + -7 + (-44 - -43) + 28
17
Evaluate (22 - -6) + -29 - (-2 + 1) - (26 - 18).
-8
-63 + 31 + 93 + 40
101
What is 32 + (26 + -30 - (-6 + 6))?
28
24 + (-12 - -19) + -1 + (-12 - -20)
38
16 + 9 + (-33 - 9 - (-24 + 8))
-1
What is -99 - -75 - (-3 - 17) - (-2 + 0) - -26?
24
48 + (11 - (-8 + 27)) - 9
31
What is -1 + 4 + (1 - 2) + (-32 - (-13 + -34))?
17
What is (-18 - 2) + -2612 + 2587?
-45
What is 1 - 82 - (1658 - 1706)?
-33
Evaluate -11 + 2 + -12 + (4 - -15).
-2
Calculate (17 - -41) + -42 + (-43 - -5).
-22
Calculate 67 - ((-50 - -41) + 23 + -15 + 4 + -2).
66
19 + ((21 - -5) + -24 - 32)
-11
Evaluate 12 - (7 + -1 - (22 - 6) - (2 + -2)).
22
What is (4 - 2) + -30 - (108 - (-37 - -150))?
-23
What is the value of 12 - (14 + (64 + -74 - (0 - 11)))?
-3
Calculate -4 + (0 + -6 - -8 - 11) - (-111 + 208).
-110
What is 74 + -8 + -26 - -10?
50
(0 - -1 - (962 + -859)) + -8
-110
Calculate -28 - (-123 - -96 - (-7 + -4)).
-12
What is the value of 108 - (-74 - -176) - (14 - (-3 + 2))?
-9
Calculate -41 - ((-5 + 11 - 5) + (-4 - 3) + 5).
-40
What is 57 - (26 + -51) - (18 + 19)?
45
What is the value of -97 - (20 - 59) - -65?
7
What is the value of -91 + 11 + (16 - 12) - (-46 + 25)?
-55
Calculate -11 + 8 - (71 + (-61 - -34)).
-47
Evaluate 261 + -259 + (-2 - 44).
-44
-232 + 319 - (14 + -1 + -2)
76
What is (-3 + 2 - -27) + (-1 - 1) - (-1992 + 1990)?
26
23 - (29 + (-3 - (-37 - 76)))
-116
Evaluate 5 + (-1269 - -1230) + (2 + -2 - 0).
-34
Calculate (4 - 6 - -4) + 1 + 14 - (200 - 190).
7
What is 9 - (0 + -11 + (9 - -15) - -9)?
-13
What is -18 + 31 + -5 + -11 + 2 + -7?
-8
What is the value of 0 + 28 + -7 + (15 - 15) + 12?
33
Evaluate (-11 - (-15 + 15 + -20)) + -31.
-22
9 + -46 - (-23 - (-39 - -48))
-5
-30 + 50 + -4 + -23 + 11
4
What is (-6 - 2) + (-5 - -8) + 1278 + -1259?
14
What is the value of 27 + (-57 - -59) + 1?
30
Calculate -39 - (-3 - (13 - (-2 + 11)) - (4 - 8)).
-36
0 + (2 - (7 + 10 + -7) - (3 - -24))
-35
Evaluate -14 + -14 + 24 - (10 - (-2 - -1) - -3).
-18
Evaluate -3 + -15 + 21 + (7 - 0).
10
What is -1995 - -1971 - (-30 + 4 + -5)?
7
Calculate (1467 - 1510) + (-3 + -2 + 0 - 1).
-49
Calculate -50 - (53 + -53 + -53).
3
Calculate (18271 - 18220) + (-26 - -2).
27
-6 + (33 - -10 - 25)
12
-126 + 101 + (-4 + 21 - -4)
-4
What is the value of -8 - (-78 + 185) - -122?
7
(-5793 - -5794) + 5 + 0
6
Evaluate -183 - -96 - (14 + -67).
-34
Calculate 26 - 0 - ((159 - 320) + 251).
-64
-18 - (-12 + -27 - -17)
4
Calculate -5398 + 5399 - (3 - 2 - 15).
15
What is the value of -4 + -7 + 8 - (-7 - 14 - -73)?
-55
Evaluate 49 + -368 + 371 + (-3 - -2) + (-2 - 0).
49
Calculate 22 - (-38 - (-53 - -38)).
45
Calculate 30 - (42 - (-20 - -45)) - 46.
-33
What is (1 - -17) + (-9 - -11) + -1 - (1443 + -1431)?
7
What is the value of (-1 - -4) + (7 - 0) + (4 - 45) + 11?
-20
Calculate -10 - (15 - 12 - -9) - -8.
-14
Calculate (-4 + -19 + -108 - (22 + -17)) + 6.
-130
(-149 - -58 - -24) + -58
-125
Evaluate (0 - (5 + 0)) + (-349 - -367) + 48 + 2.
63
What is -15 - (-17 + 0 + 16)?
-14
What is (-1 - 17) + -2 - 16 - -11?
-25
Calculate (1 + -4 + -80 + 93 - 99) + 8 + 2.
-79
2 - -16 - (-29 - 43 - -46)
44
1 + -9 - (809 - 766)
-51
(68 - (61 - -60)) + 8
-45
Evaluate 108 - (54 + (89 - 96)).
61
Calculate 60 + 21 + (-16 - 22).
43
Calculate 3 - 63 - (-397 - -394).
-57
-5 - (-15 - (4 + (-5 - 9) - -6) - -53)
-47
Calculate 116 + (-35 + 32 - (8 + 11) - -7).
101
What is 21 + -2 + -17 + (-184 - -181)?
-1
Calculate -762 - -681 - (-135 - -9).
45
(-29 - (2 - -15)) + (-1 - (-2 + 3))
-48
Evaluate (-3 + -7 - (-8 - 20)) + -6 - -81.
93
What is -1715 + 1681 + (-4 - (-117 - 5))?
84
(13 - -11) + (-99 + 32 - 4)
-47
Calculate -103 + 75 + -13 - -10.
-31
Evaluate 18 + -12 + (22 - -4 - 19).
13
Calcu